827537 prime?
False
Is 321962497915 composite?
True
Is 106149457 prime?
False
Is 158245341 a composite number?
True
Is 8236273547 a prime number?
True
Is 2537827987 composite?
False
Is 1967998963 a prime number?
False
Is 273145311167 prime?
True
Is 15488023937 a composite number?
True
Is 11610735001 prime?
False
Is 3397323893 a prime number?
False
Is 12616373119 composite?
True
Is 962069863 composite?
False
Is 179135058877 composite?
False
Is 11249516631 a composite number?
True
Is 1520812717 a prime number?
False
Is 165367409 prime?
False
Is 24207915211 a prime number?
True
Is 6463744673 prime?
True
Is 99173275789 composite?
True
Is 204787235 prime?
False
Is 62022867409 a prime number?
True
Is 14581255441 a prime number?
True
Is 1114500509 a prime number?
False
Is 81352727149 a prime number?
False
Is 2182989733 composite?
False
Is 269424217 a prime number?
True
Is 999625943 composite?
False
Is 939473309 prime?
True
Is 200044301 a composite number?
False
Is 202283027 composite?
True
Is 166933881893 a composite number?
True
Is 32031380153 composite?
True
Is 605519093 prime?
False
Is 1051680397 composite?
False
Is 9069287 prime?
True
Is 22319564941 a prime number?
False
Is 20818622947 a prime number?
False
Is 1187942023 prime?
False
Is 908246291 composite?
False
Is 102192965621 prime?
True
Is 847310017 a composite number?
False
Is 6573779 prime?
True
Is 56346622853 prime?
True
Is 3569470287 a prime number?
False
Is 4319706203 prime?
True
Is 144159111641 a prime number?
False
Is 55060113029 a prime number?
True
Is 16372764803 prime?
True
Is 4935421529 a prime number?
True
Is 471638845 prime?
False
Is 1147956401 composite?
False
Is 28576731779 prime?
False
Is 24634927 prime?
True
Is 1176083563 a composite number?
False
Is 9799691773 prime?
False
Is 308706337 prime?
True
Is 43088161299 a prime number?
False
Is 3829979167 prime?
False
Is 32554009837 prime?
True
Is 154793357 a prime number?
True
Is 10847573609 a prime number?
True
Is 167617057 composite?
True
Is 34821153251 a prime number?
False
Is 465182477 a prime number?
True
Is 4772181041 a composite number?
False
Is 33888374621 prime?
False
Is 44183566762 composite?
True
Is 54957231773 a composite number?
False
Is 2430200207 composite?
False
Is 10264045463 a prime number?
False
Is 4565328569 a composite number?
True
Is 174530203487 a prime number?
False
Is 23035956319 prime?
False
Is 19156176203 composite?
True
Is 26452213289 a composite number?
False
Is 28336398599 a prime number?
True
Is 2479502141 prime?
True
Is 62327247 composite?
True
Is 12827520385 prime?
False
Is 905872277 a composite number?
False
Is 1151330827 a prime number?
False
Is 4435661 a prime number?
True
Is 1635770063 prime?
True
Is 111395686271 a prime number?
True
Is 6601596889 prime?
True
Is 8465242067 prime?
True
Is 320035249 prime?
True
Is 14685961 a composite number?
False
Is 3406107669 prime?
False
Is 3679782961 composite?
False
Is 105737179 composite?
False
Is 122142394813 a prime number?
True
Is 25671437 a composite number?
True
Is 31641151259 composite?
True
Is 735844259 prime?
True
Is 99240283 a prime number?
True
Is 1004988113 composite?
True
Is 22067033 composite?
False
Is 38846317769 composite?
True
Is 177242869 prime?
False
Is 500766613 prime?
True
Is 1550251069 a prime number?
False
Is 4147633673 a composite number?
False
Is 77379389 a prime number?
True
Is 17558965103 prime?
False
Is 1354111441 a prime number?
True
Is 3665452801 prime?
True
Is 1187781757 prime?
True
Is 5253950201 a composite number?
False
Is 7809842129 a composite number?
True
Is 1400989027 prime?
False
Is 2346031781 a composite number?
False
Is 12072488431 a composite number?
False
Is 40355331307 a prime number?
True
Is 14332893571 a composite number?
True
Is 215922883 a prime number?
False
Is 49317373471 composite?
False
Is 101010499 a prime number?
True
Is 4297347566 a composite number?
True
Is 12158129141 prime?
False
Is 465171659 composite?
True
Is 124891588669 a prime number?
False
Is 500662356913 composite?
False
Is 4828027163 a prime number?
False
Is 542662273 a composite number?
True
Is 8880344479 prime?
True
Is 7490801173 a prime number?
True
Is 5801277061 a composite number?
False
Is 232768423 a prime number?
False
Is 268582121 prime?
True
Is 233550311339 prime?
True
Is 1485721787 prime?
False
Is 1153987987 a composite number?
False
Is 6211187357 a prime number?
True
Is 19386606539 prime?
False
Is 288460253 a prime number?
False
Is 8795051 composite?
True
Is 47639831327 a composite number?
True
Is 3311733319 a prime number?
False
Is 485550587 a composite number?
False
Is 5692376983 prime?
False
Is 343588909 prime?
False
Is 1585021003 composite?
True
Is 1603990865 a composite number?
True
Is 6044382151 prime?
False
Is 2648017003 a composite number?
True
Is 10913811677 a composite number?
True
Is 897203981 a composite number?
True
Is 40284795677 a prime number?
False
Is 1099190621 a composite number?
False
Is 11062895629 composite?
False
Is 6735900091 composite?
False
Is 6224963 a prime number?
False
Is 87111722531 composite?
True
Is 2019264341 prime?
False
Is 247351397 a composite number?
False
Is 11814887189 a composite number?
True
Is 20417409865 a composite number?
True
Is 11968295189 a composite number?
True
Is 119818977337 prime?
False
Is 71655876821 a prime number?
True
Is 5673926893 a composite number?
False
Is 1604374301 a composite number?
False
Is 1467999349 composite?
False
Is 306434753 a composite number?
False
Is 63977609 prime?
True
Is 577661111 a composite number?
True
Is 454219847291 a composite number?
True
Is 438435227 composite?
True
Is 4232788429 composite?
False
Is 624703799 a prime number?
True
Is 7607212463 a prime number?
False
Is 28849390517 composite?
False
Is 4908896791 prime?
False
Is 1213297207 a composite number?
False
Is 3605865413 prime?
True
Is 45664280747 a composite number?
False
Is 85390933 a composite number?
False
Is 587073511 a composite number?
True
Is 970977617 prime?
True
Is 288935233 prime?
True
Is 2282172979 composite?
True
Is 2710501721 a composite number?
True
Is 39472618849 a composite number?
True
Is 892026407 composite?
True
Is 109201278697 a composite number?
True
Is 51546639181 a composite number?
False
Is 417553441 composite?
False
Is 3301348639 a composite number?
False
Is 11954406943 a prime number?
True
Is 4463012531 a prime number?
True
Is 2961686089 composite?
True
Is 5235493 prime?
False
Is 78617857 composite?
False
Is 58475129851 a prime number?
True
Is 6119664683 a composite number?
True
Is 17878251959 a prime number?
True
Is 10030006909 composite?
True
Is 302260109 a prime number?
False
Is 314503957 prime?
True
Is 77799257737 composite?
False
Is 13450973 a composite number?
True
Is 10926775469 a composite number?
True
Is 27091677961 a composite number?
True
Is 986588701 a prime number?
False
Is 1724605657 prime?
False
Is 108372367331 a composite number?
False
Is 3742506181 a prime number?
True
Is 2995223377 prime?
False
Is 7016515799 a prime number?
True
Is 11697171071 composite?
False
Is 21994361557 composite?
True
Is 9076355549 a prime number?
True
Is 1047051713 prime?
True
Is 1415762807 composite?
True
Is 7341266377 a composite number?
False
Is 4747181893 composite?
False
Is 13331386513 composite?
False
Is 748132081 composite?
False
Is 57619900927 a composite number?
False
Is 344487329 a composite number?
False
Is 1619607455 a composite number?
True
Is 31304641 a prime number?
False
Is 328323101 prime?
True
Is 216542581 composite?
True
Is 4879979801 prime?
True
Is 136685407 prime?
True
Is 983050499 a composite number?
True
Is 3748347749 composite?
False
Is 18545007067 prime?
False
Is 1986361297 a prime number?
True
Is 4667757229 a composite number?
False
Is 1173116429 a composite number?
False
Is 1817041 a composite number?
False
Is 20281813367 a composite number?
False
Is 2670799069 a composite number?
True
Is 10537558071 composite?
True
Is 21127426883 a prime number?
False
Is 796882997 a prime number?
True
Is 433052387 a composite number?
False
Is 50679134651 composite?
True
Is 864677953 prime?
False
Is 28389263341 a composite number?
False
Is 4053596203 composite?
False
Is 122684063 prime?
False
Is 4299687421 a prime number?
True
Is 28617800723 a composite number?